{"id":9014,"date":"2018-02-16T09:02:31","date_gmt":"2018-02-16T08:02:31","guid":{"rendered":"http:\/\/igs-bonn.de\/wordpress\/?page_id=9014"},"modified":"2018-02-16T09:23:30","modified_gmt":"2018-02-16T08:23:30","slug":"allg-musikunterricht","status":"publish","type":"page","link":"https:\/\/igs-bonn.de\/wordpress\/?page_id=9014","title":{"rendered":"allgemeiner Musikunterricht"},"content":{"rendered":"<div>Wie in den anderen k\u00fcnstlerischen F\u00e4chern der Schule stehen auch im Fach Musik der gestalterische Umgang mit kulturellen Ph\u00e4nomenen sowie die Wahrnehmung und Reflexion der k\u00fcnstlerisch-\u00e4sthetischen Vielgestaltigkeit von Kultur und Lebenswirklichkeit im Zentrum. Das Fach Musik soll unseren Sch\u00fclerinnen und Sch\u00fclern kulturelle Orientierungshilfe bieten. Es hat die Aufgabe, sie dabei zu unterst\u00fctzen, ihr musikalisch-\u00e4sthetisches Denken und Handeln auszubilden sowie individuelle kreative T\u00e4tigkeit anzubahnen und zu realisieren.<\/div>\n<div>&nbsp;<\/div>\n<div><b>Im Musikunterricht der Sekundarstufe I<\/b>&nbsp;erwerben unsere Sch\u00fclerinnen und Sch\u00fcler grundlegende Kompetenzen, die es ihnen erm\u00f6glichen sollen, sich in ihren Lebens- und Erfahrungsr\u00e4umen bewusst auf Musik einzulassen und sich mit ihr auseinanderzusetzen. Sie erweitern und vertiefen kontinuierlich sowohl ihre individuell gepr\u00e4gten musikalisch-\u00e4sthetischen F\u00e4higkeiten als auch ihre F\u00e4higkeiten und Fertigkeiten, die sich auf alle Erfahrungs-, Wissens- und Handlungsfelder im Umgang mit der Vielgestaltigkeit von Musik beziehen. Diese Weiterentwicklung gelingt vor allem durch die eigene Produktion von Musik, also durch Singen, Instrumentalspiel, Gestalten und klangliche Nachgestaltung. Sie ist somit neben dem H\u00f6ren, Benennen, Analysieren und Deuten sowie dem Einordnen, Erl\u00e4utern und Beurteilen von Musik unterrichtlicher und au\u00dferunterrichtlicher Schwerpunkt an unserer Schule. Der Musikunterricht ist handlungs- und kompetenzorientiert, unter anderem durch seine Ausrichtung an den Erfahrungen und Interessen der Sch\u00fclerinnen und Sch\u00fcler, durch situatives Lernen, kooperative Lernans\u00e4tze und verschiedene Formen des Klassenmusizierens bzw. Klassensingens.<\/div>\n<div>&nbsp;<\/div>\n<div><b>In der Sekundarstufe II&nbsp;<\/b>(Gymnasiale Oberstufe) tr\u00e4gt das Fach Musik dazu bei, unsere Sch\u00fclerinnen und Sch\u00fcler zu bef\u00e4higen, ihre k\u00fcnstlerisch-\u00e4sthetische Identit\u00e4t weiterzuentwickeln, ihr kreatives und musikalisches Gestaltungspotenzial zu entfalten und ihre kulturelle Orientierung auszubauen. Dar\u00fcber hinaus sollen sie ihr \u00e4sthetisches Reflexions- und Urteilsverm\u00f6gen vertiefen. In der Einf\u00fchrungsphase (Jahrgangsstufe 11) erwerben unsere Sch\u00fclerinnen und Sch\u00fcler Kompetenzen, die eine grundlegende fachliche Auseinandersetzung mit Musik erm\u00f6glichen. Dazu geh\u00f6ren eine breite inhaltliche Ausrichtung sowie der systematische Aufbau eines Methodenrepertoires. In der Qualifikationsphase (Jahrgangsstufen 12 und 13) werden diese Kompetenzen erweitert.<\/div>\n","protected":false},"excerpt":{"rendered":"<p>Wie in den anderen k\u00fcnstlerischen F\u00e4chern der Schule stehen auch im Fach Musik der gestalterische Umgang mit kulturellen Ph\u00e4nomenen sowie die Wahrnehmung und Reflexion der k\u00fcnstlerisch-\u00e4sthetischen Vielgestaltigkeit von Kultur und Lebenswirklichkeit im Zentrum. Das Fach Musik soll unseren Sch\u00fclerinnen und Sch\u00fclern kulturelle Orientierungshilfe bieten. Es hat die Aufgabe, sie dabei zu unterst\u00fctzen, ihr musikalisch-\u00e4sthetisches Denken &hellip; <\/p>\n<p><a class=\"more-link btn\" href=\"https:\/\/igs-bonn.de\/wordpress\/?page_id=9014\">Weiterlesen<\/a><\/p>\n","protected":false},"author":1,"featured_media":0,"parent":8931,"menu_order":4,"comment_status":"closed","ping_status":"closed","template":"","meta":{"ngg_post_thumbnail":0,"footnotes":""},"class_list":["post-9014","page","type-page","status-publish","hentry","nodate","item-wrap"],"_links":{"self":[{"href":"https:\/\/igs-bonn.de\/wordpress\/index.php?rest_route=\/wp\/v2\/pages\/9014","targetHints":{"allow":["GET"]}}],"collection":[{"href":"https:\/\/igs-bonn.de\/wordpress\/index.php?rest_route=\/wp\/v2\/pages"}],"about":[{"href":"https:\/\/igs-bonn.de\/wordpress\/index.php?rest_route=\/wp\/v2\/types\/page"}],"author":[{"embeddable":true,"href":"https:\/\/igs-bonn.de\/wordpress\/index.php?rest_route=\/wp\/v2\/users\/1"}],"replies":[{"embeddable":true,"href":"https:\/\/igs-bonn.de\/wordpress\/index.php?rest_route=%2Fwp%2Fv2%2Fcomments&post=9014"}],"version-history":[{"count":2,"href":"https:\/\/igs-bonn.de\/wordpress\/index.php?rest_route=\/wp\/v2\/pages\/9014\/revisions"}],"predecessor-version":[{"id":9031,"href":"https:\/\/igs-bonn.de\/wordpress\/index.php?rest_route=\/wp\/v2\/pages\/9014\/revisions\/9031"}],"up":[{"embeddable":true,"href":"https:\/\/igs-bonn.de\/wordpress\/index.php?rest_route=\/wp\/v2\/pages\/8931"}],"wp:attachment":[{"href":"https:\/\/igs-bonn.de\/wordpress\/index.php?rest_route=%2Fwp%2Fv2%2Fmedia&parent=9014"}],"curies":[{"name":"wp","href":"https:\/\/api.w.org\/{rel}","templated":true}]}}

<div>Wie in den anderen künstlerischen Fächern der Schule stehen auch im Fach Musik der gestalterische Umgang mit kulturellen Phänomenen sowie die Wahrnehmung und Reflexion der künstlerisch-ästhetischen Vielgestaltigkeit von Kultur und Lebenswirklichkeit im Zentrum. Das Fach Musik soll unseren Schülerinnen und Schülern kulturelle Orientierungshilfe bieten. Es hat die Aufgabe, sie dabei zu unterstützen, ihr musikalisch-ästhetisches Denken und Handeln auszubilden sowie individuelle kreative Tätigkeit anzubahnen und zu realisieren.</div>
<div>&nbsp;</div>
<div><b>Im Musikunterricht der Sekundarstufe I</b>&nbsp;erwerben unsere Schülerinnen und Schüler grundlegende Kompetenzen, die es ihnen ermöglichen sollen, sich in ihren Lebens- und Erfahrungsräumen bewusst auf Musik einzulassen und sich mit ihr auseinanderzusetzen. Sie erweitern und vertiefen kontinuierlich sowohl ihre individuell geprägten musikalisch-ästhetischen Fähigkeiten als auch ihre Fähigkeiten und Fertigkeiten, die sich auf alle Erfahrungs-, Wissens- und Handlungsfelder im Umgang mit der Vielgestaltigkeit von Musik beziehen. Diese Weiterentwicklung gelingt vor allem durch die eigene Produktion von Musik, also durch Singen, Instrumentalspiel, Gestalten und klangliche Nachgestaltung. Sie ist somit neben dem Hören, Benennen, Analysieren und Deuten sowie dem Einordnen, Erläutern und Beurteilen von Musik unterrichtlicher und außerunterrichtlicher Schwerpunkt an unserer Schule. Der Musikunterricht ist handlungs- und kompetenzorientiert, unter anderem durch seine Ausrichtung an den Erfahrungen und Interessen der Schülerinnen und Schüler, durch situatives Lernen, kooperative Lernansätze und verschiedene Formen des Klassenmusizierens bzw. Klassensingens.</div>
<div>&nbsp;</div>
<div><b>In der Sekundarstufe II&nbsp;</b>(Gymnasiale Oberstufe) trägt das Fach Musik dazu bei, unsere Schülerinnen und Schüler zu befähigen, ihre künstlerisch-ästhetische Identität weiterzuentwickeln, ihr kreatives und musikalisches Gestaltungspotenzial zu entfalten und ihre kulturelle Orientierung auszubauen. Darüber hinaus sollen sie ihr ästhetisches Reflexions- und Urteilsvermögen vertiefen. In der Einführungsphase (Jahrgangsstufe 11) erwerben unsere Schülerinnen und Schüler Kompetenzen, die eine grundlegende fachliche Auseinandersetzung mit Musik ermöglichen. Dazu gehören eine breite inhaltliche Ausrichtung sowie der systematische Aufbau eines Methodenrepertoires. In der Qualifikationsphase (Jahrgangsstufen 12 und 13) werden diese Kompetenzen erweitert.</div>

<p>Wie in den anderen künstlerischen Fächern der Schule stehen auch im Fach Musik der gestalterische Umgang mit kulturellen Phänomenen sowie die Wahrnehmung und Reflexion der künstlerisch-ästhetischen Vielgestaltigkeit von Kultur und Lebenswirklichkeit im Zentrum. Das Fach Musik soll unseren Schülerinnen und Schülern kulturelle Orientierungshilfe bieten. Es hat die Aufgabe, sie dabei zu unterstützen, ihr musikalisch-ästhetisches Denken &hellip; </p>
<p><a class="more-link btn" href="https://igs-bonn.de/wordpress/?page_id=9014">Weiterlesen</a></p>
