{"id":7848,"date":"2016-11-27T14:26:12","date_gmt":"2016-11-27T13:26:12","guid":{"rendered":"http:\/\/igs-bonn.de\/wordpress\/?page_id=7848"},"modified":"2021-10-31T12:15:05","modified_gmt":"2021-10-31T11:15:05","slug":"elternvertreterinnen-in-einer-fachkonferenz","status":"publish","type":"page","link":"https:\/\/igs-bonn.de\/wordpress\/?page_id=7848","title":{"rendered":"ElternvertreterInnen in einer Fachkonferenz"},"content":{"rendered":"<p style=\"text-align: justify;\">Die Fachkonferenz ist f\u00fcr die Bildungs- und Erziehungsarbeit in der Schule von besonderer Bedeutung. Die Fachkonferenzen beraten \u00fcber Angelegenheiten, die das einzelne Unterrichtsfach betreffen. Hier werden Anregungen zur Einf\u00fchrung und Auswahl neuer Lernmittel (u.a. Schulb\u00fccher) erarbeitet. Sie befasst sich mit dem Umfang und Schwierigkeitsgrad von vorgeschriebenen schriftlichen Arbeiten und ber\u00e4t \u00fcber die Sicherung einer einheitlichen Leistungsbewertung.<\/p>\n<p style=\"text-align: justify;\">Sie dient ferner der Koordinierung der Arbeitspl\u00e4ne f\u00fcr das betreffende Unterrichtsfach.<\/p>\n<p style=\"text-align: justify;\">Die Elternvertretung sieht deshalb in der Fachkonferenz ein wichtiges Mitwirkungsorgan, das in Zukunft noch mehr an Bedeutung gewinnen wird und in dem Eltern unbedingt mitarbeiten sollten.<\/p>\n<p style=\"text-align: justify;\">Hier der Auszug aus dem Schulgesetz:<\/p>\n<p style=\"text-align: justify;\"><em>Fachkonferenz, Bildungsgangkonferenz<\/em><\/p>\n<p><em>(1) Mitglieder der Fachkonferenz sind die Lehrerinnen und Lehrer, die die Lehrbef\u00e4higung f\u00fcr das entsprechende Fach besitzen oder darin unterrichten. Die Fachkonferenz w\u00e4hlt aus ihrer Mitte eine Person f\u00fcr den Vorsitz. Je zwei Vertretungen der Eltern und der Sch\u00fclerinnen und Sch\u00fcler, an Berufskollegs zus\u00e4tzlich je zwei Vertretungen der Ausbildenden und Auszubildenden, k\u00f6nnen als Mitglieder mit beratender Stimme teilnehmen. Die Schulkonferenz kann eine h\u00f6here Zahl von Vertretungen der Eltern beschlie\u00dfen.<\/em><\/p>\n<p><em>(2) In Berufskollegs k\u00f6nnen Fachkonferenzen statt f\u00fcr einzelne F\u00e4cher f\u00fcr Fachbereiche oder Bildungsg\u00e4nge eingerichtet werden (Bildungsgangkonferenz).<\/em><\/p>\n<p><em>(3) Die Fachkonferenz ber\u00e4t \u00fcber alle das Fach oder die Fachrichtung betreffenden Angelegenheiten einschlie\u00dflich der Zusammenarbeit mit anderen F\u00e4chern. Sie tr\u00e4gt Verantwortung f\u00fcr die schulinterne Qualit\u00e4tssicherung und -entwicklung der fachlichen Arbeit und ber\u00e4t \u00fcber Ziele, Arbeitspl\u00e4ne, Evaluationsma\u00dfnahmen und -ergebnisse und Rechenschaftslegung.<\/em><\/p>\n<p><em>(4) Die Fachkonferenz entscheidet in ihrem Fach insbesondere \u00fcber<\/em><\/p>\n<p><em>1.Grunds\u00e4tze zur fachdidaktischen und fachmethodischen Arbeit,<\/em><\/p>\n<p><em>2.Grunds\u00e4tze zur Leistungsbewertung,<\/em><\/p>\n<p><em>3.Vorschl\u00e4ge an die Lehrerkonferenz zur Einf\u00fchrung von Lernmitteln.<\/em><\/p>\n<p><em>(5) In Grundschulen und in F\u00f6rderschulen kann durch Beschluss der Schulkonferenz auf die Einrichtung von Fachkonferenzen verzichtet werden. In diesem Fall \u00fcbernimmt die Lehrerkonferenz die Aufgaben der Fachkonferenzen.<\/em><\/p>\n","protected":false},"excerpt":{"rendered":"<p>Die Fachkonferenz ist f\u00fcr die Bildungs- und Erziehungsarbeit in der Schule von besonderer Bedeutung. Die Fachkonferenzen beraten \u00fcber Angelegenheiten, die das einzelne Unterrichtsfach betreffen. Hier werden Anregungen zur Einf\u00fchrung und Auswahl neuer Lernmittel (u.a. Schulb\u00fccher) erarbeitet. Sie befasst sich mit dem Umfang und Schwierigkeitsgrad von vorgeschriebenen schriftlichen Arbeiten und ber\u00e4t \u00fcber die Sicherung einer einheitlichen &hellip; <\/p>\n<p><a class=\"more-link btn\" href=\"https:\/\/igs-bonn.de\/wordpress\/?page_id=7848\">Weiterlesen<\/a><\/p>\n","protected":false},"author":1,"featured_media":0,"parent":58,"menu_order":2,"comment_status":"closed","ping_status":"closed","template":"","meta":{"ngg_post_thumbnail":0,"footnotes":""},"class_list":["post-7848","page","type-page","status-publish","hentry","nodate","item-wrap"],"_links":{"self":[{"href":"https:\/\/igs-bonn.de\/wordpress\/index.php?rest_route=\/wp\/v2\/pages\/7848","targetHints":{"allow":["GET"]}}],"collection":[{"href":"https:\/\/igs-bonn.de\/wordpress\/index.php?rest_route=\/wp\/v2\/pages"}],"about":[{"href":"https:\/\/igs-bonn.de\/wordpress\/index.php?rest_route=\/wp\/v2\/types\/page"}],"author":[{"embeddable":true,"href":"https:\/\/igs-bonn.de\/wordpress\/index.php?rest_route=\/wp\/v2\/users\/1"}],"replies":[{"embeddable":true,"href":"https:\/\/igs-bonn.de\/wordpress\/index.php?rest_route=%2Fwp%2Fv2%2Fcomments&post=7848"}],"version-history":[{"count":4,"href":"https:\/\/igs-bonn.de\/wordpress\/index.php?rest_route=\/wp\/v2\/pages\/7848\/revisions"}],"predecessor-version":[{"id":11119,"href":"https:\/\/igs-bonn.de\/wordpress\/index.php?rest_route=\/wp\/v2\/pages\/7848\/revisions\/11119"}],"up":[{"embeddable":true,"href":"https:\/\/igs-bonn.de\/wordpress\/index.php?rest_route=\/wp\/v2\/pages\/58"}],"wp:attachment":[{"href":"https:\/\/igs-bonn.de\/wordpress\/index.php?rest_route=%2Fwp%2Fv2%2Fmedia&parent=7848"}],"curies":[{"name":"wp","href":"https:\/\/api.w.org\/{rel}","templated":true}]}}