{"id":6669,"date":"2015-12-04T18:09:11","date_gmt":"2015-12-04T17:09:11","guid":{"rendered":"http:\/\/igs-bonn.de\/wordpress\/?page_id=6669"},"modified":"2025-11-11T16:48:38","modified_gmt":"2025-11-11T15:48:38","slug":"foerderverein","status":"publish","type":"page","link":"https:\/\/igs-bonn.de\/wordpress\/?page_id=6669","title":{"rendered":"F\u00f6rderverein"},"content":{"rendered":"\n<p><\/p>\n\n\n\n<p class=\"has-larger-font-size\"><strong><a href=\"http:\/\/www.fesg-bonn.de\/\">http:\/\/www.fesg-bonn.de\/<\/a><\/strong><\/p>\n\n\n<div class=\"entry-content clearfix\">\n<h3>Mitgliederversammlung des F\u00f6rdervereins<\/h3>\n<p>Die Mitgliederversammlung des F\u00f6rdervereins findet am<br>Mittwoch, den <strong>3. Dezember 2025<\/strong>, um <strong>19:00<\/strong> Uhr, im <strong>Sch\u00fclercaf\u00e9 <\/strong>statt.<\/p>\n<h5>&nbsp;<\/h5>\n<h5>F\u00f6rderverein der Elisabeth-Selbert-Gesamtschule Bonn e.V.<\/h5>\n<p style=\"text-align: justify;\">Der&nbsp;F\u00f6rderverein hat es sich seit seiner Gr\u00fcndung zur Aufgabe gemacht, die Interessen der Schule in besonderer Weise zu f\u00f6rdern. So werden Schulwanderungen, Studienfahrten und andere au\u00dferunterrichtliche Aktivit\u00e4ten finanziell unterst\u00fctzt. Dar\u00fcber hinaus erh\u00e4lt die Schule Zuwendungen f\u00fcr die Beschaffung von Unterrichtsmitteln und Materialien f\u00fcr einzelne F\u00e4cher, deren Fachetat zu klein ist. Bei allen seinen Aktivit\u00e4ten bezweckt der Verein keinen wirtschaftlichen Gesch\u00e4ftsbetrieb. Er ist selbstlos t\u00e4tig. Die Geldmittel des Vereins, die aus Mitgliedsbeitr\u00e4gen und Spenden sowie eigenen Aktivit\u00e4ten stammen, werden nur f\u00fcr satzungsgem\u00e4\u00dfe Zwecke verwendet. Alle, die im Verein mitarbeiten, tun dies auf ehrenamtlicher Basis und in enger Zusammenarbeit mit der Schule.<\/p>\n<p>Seine <strong>Ziele<\/strong> sind die F\u00f6rderung<\/p>\n<ul>\n<li>von Schul- und Freizeitaktivit\u00e4ten<\/li>\n<li>der Integration behinderter Sch\u00fclerinnen und Sch\u00fcler<\/li>\n<li>der Beschaffung von Materialien f\u00fcr die Arbeit in allen p\u00e4dagogischen Bereichen<\/li>\n<li>der Sch\u00fclermitverwaltung<\/li>\n<li>bed\u00fcrftiger Sch\u00fclerinnen und Sch\u00fcler.<\/li>\n<\/ul>\n<p>&nbsp;<\/p>\n<div>Kontaktinformation:<\/div>\n<p>F\u00f6rderverein der Elisabeth-Selbert-Gesamtschule Bonn e.V.<br>c\/o Frau Sabine Wanka-Keskiner<br>Elisabeth-Selbert-Allee 50<br>53175 Bonn<\/p>\n<p>E-Mail: info@fesg-bonn.de<\/p>\n<p>Homepage: <a href=\"http:\/\/www.fesg-bonn.de\/\">www.fesg-bonn.de<\/a><br>Vorsitzende: Frau Sabine Wanka-Keskiner<\/p>\n<\/div>","protected":false},"excerpt":{"rendered":"<p>http:\/\/www.fesg-bonn.de\/ Mitgliederversammlung des F\u00f6rdervereins Die Mitgliederversammlung des F\u00f6rdervereins findet amMittwoch, den 3. Dezember 2025, um 19:00 Uhr, im Sch\u00fclercaf\u00e9 statt. &nbsp; F\u00f6rderverein der Elisabeth-Selbert-Gesamtschule Bonn e.V. Der&nbsp;F\u00f6rderverein hat es sich seit seiner Gr\u00fcndung zur Aufgabe gemacht, die Interessen der Schule in besonderer Weise zu f\u00f6rdern. So werden Schulwanderungen, Studienfahrten und andere au\u00dferunterrichtliche Aktivit\u00e4ten finanziell unterst\u00fctzt. &hellip; <\/p>\n<p><a class=\"more-link btn\" href=\"https:\/\/igs-bonn.de\/wordpress\/?page_id=6669\">Weiterlesen<\/a><\/p>\n","protected":false},"author":1,"featured_media":0,"parent":0,"menu_order":8,"comment_status":"closed","ping_status":"closed","template":"","meta":{"ngg_post_thumbnail":0,"footnotes":""},"class_list":["post-6669","page","type-page","status-publish","hentry","nodate","item-wrap"],"_links":{"self":[{"href":"https:\/\/igs-bonn.de\/wordpress\/index.php?rest_route=\/wp\/v2\/pages\/6669","targetHints":{"allow":["GET"]}}],"collection":[{"href":"https:\/\/igs-bonn.de\/wordpress\/index.php?rest_route=\/wp\/v2\/pages"}],"about":[{"href":"https:\/\/igs-bonn.de\/wordpress\/index.php?rest_route=\/wp\/v2\/types\/page"}],"author":[{"embeddable":true,"href":"https:\/\/igs-bonn.de\/wordpress\/index.php?rest_route=\/wp\/v2\/users\/1"}],"replies":[{"embeddable":true,"href":"https:\/\/igs-bonn.de\/wordpress\/index.php?rest_route=%2Fwp%2Fv2%2Fcomments&post=6669"}],"version-history":[{"count":19,"href":"https:\/\/igs-bonn.de\/wordpress\/index.php?rest_route=\/wp\/v2\/pages\/6669\/revisions"}],"predecessor-version":[{"id":14760,"href":"https:\/\/igs-bonn.de\/wordpress\/index.php?rest_route=\/wp\/v2\/pages\/6669\/revisions\/14760"}],"wp:attachment":[{"href":"https:\/\/igs-bonn.de\/wordpress\/index.php?rest_route=%2Fwp%2Fv2%2Fmedia&parent=6669"}],"curies":[{"name":"wp","href":"https:\/\/api.w.org\/{rel}","templated":true}]}}