{"id":2605,"date":"2012-11-08T11:14:52","date_gmt":"2012-11-08T10:14:52","guid":{"rendered":"http:\/\/igs-bonn.de\/wordpress\/?page_id=2605"},"modified":"2026-02-03T14:57:13","modified_gmt":"2026-02-03T13:57:13","slug":"anmeldeverfahren-fur-die-oberstufe","status":"publish","type":"page","link":"https:\/\/igs-bonn.de\/wordpress\/?page_id=2605","title":{"rendered":"Anmeldeverfahren f\u00fcr die Oberstufe"},"content":{"rendered":"\n<p><\/p>\n\n\n\n<p><strong>Bewerbung f\u00fcr die gymnasiale Oberstufe<\/strong><\/p>\n\n\n\n<p>Bewerbungen f\u00fcr unsere Oberstufe im Schuljahr 2026\/2027 k\u00f6nnen in dem Zeitraum der ersten Bewerbungsphase vom 06.02.-13.03.2026 \u00fcber schulbewerbung.de vorgenommen werden. Dazu benutzen Sie bitte den Startcode, den Sie von der abgebenden Schule erhalten haben.&nbsp;<\/p>\n\n\n\n<p>F\u00fcr Bewerberinnen und Bewerber, die nicht von unserer Schule kommen:&nbsp;<\/p>\n\n\n\n<p>Wenn Sie einen Schulplatz bei uns erhalten haben, drucken Sie bitte zus\u00e4tzlich die hier auf der Homepage oder auf der Plattform schulbewerbung.de hinterlegten Formulare \u201cAnmeldung gymnasiale Oberstufe\u201d, \u201cSchulvereinbarung\u201d, \u201cInformationen zum Datenschutz\u201d aus und geben Sie diese zusammen mit dem Masernschutz-Nachweis, der Zeugniskopie vom 1. Halbjahr und den beiden Passfotos sp\u00e4testens zu unserem Einf\u00fchrungsseminar am 17.04.2026 (14.00 &#8211; 17.30 Uhr) in unserer Schule ausgef\u00fcllt und unterschrieben ab.<\/p>\n\n\n<h4>&nbsp;<\/h4>\n<h4>Termine<\/h4>\n<ul>\n<li><strong>Elterninformationsabend zur gymnasialen Oberstufe: <\/strong>Mittwoch, 19.11.2025, um 19:00 Uhr im Selbstlernzentrum\/ Sch\u00fclercaf\u00e9<\/li>\n<li><strong>Anmeldezeitraum:<\/strong> wird zentral von der Stadt Bonn festgelegt und entsprechend bekannt gegeben\n<ul>\n<li><a href=\"http:\/\/igs-bonn.de\/wordpress\/wp-content\/uploads\/Formular-zur-Anmeldung-fuer-die-gymnasiale-Oberstufe-2026.pdf\">Formblatt \u201eAnmeldung Gymnasiale Oberstufe\u201c<\/a>&nbsp;(PDF-Dokument)<\/li>\n<li><a href=\"http:\/\/igs-bonn.de\/wordpress\/wp-content\/uploads\/Schulvereinbarung-SII.pdf\">Schulvereinbarung<\/a><\/li>\n<li><a href=\"http:\/\/igs-bonn.de\/wordpress\/wp-content\/uploads\/Informationen-Datenschutz.pdf\">Informationen zum Datenschutz<\/a><\/li>\n<\/ul>\n<\/li>\n<\/ul>\n\n\n<hr class=\"wp-block-separator has-css-opacity is-style-wide\"\/>\n\n\n\n<h4 class=\"wp-block-heading\">Informationen zu unserer Oberstufe<\/h4>\n\n\n\n<div data-wp-interactive=\"core\/file\" class=\"wp-block-file\"><object data-wp-bind--hidden=\"!state.hasPdfPreview\" hidden class=\"wp-block-file__embed\" data=\"http:\/\/igs-bonn.de\/wordpress\/wp-content\/uploads\/Elterninformationsabend-gymnasiale-Oberstufe-1.pdf\" type=\"application\/pdf\" style=\"width:100%;height:600px\" aria-label=\"Einbettung von Information gymnasiale Oberstufe.\"><\/object><a id=\"wp-block-file--media-2ba63ff4-1092-404f-a873-4a8d1d34bd7b\" href=\"http:\/\/igs-bonn.de\/wordpress\/wp-content\/uploads\/Elterninformationsabend-gymnasiale-Oberstufe-1.pdf\">Information gymnasiale Oberstufe<\/a><a href=\"http:\/\/igs-bonn.de\/wordpress\/wp-content\/uploads\/Elterninformationsabend-gymnasiale-Oberstufe-1.pdf\" class=\"wp-block-file__button wp-element-button\" download aria-describedby=\"wp-block-file--media-2ba63ff4-1092-404f-a873-4a8d1d34bd7b\">Herunterladen<\/a><\/div>\n\n\n<div class=\"real3dflipbook\" id=\"0_69e03f935b508\" style=\"position:absolute;\"><\/div>\n\n\n\n<p><\/p>\n","protected":false},"excerpt":{"rendered":"<p>Bewerbung f\u00fcr die gymnasiale Oberstufe Bewerbungen f\u00fcr unsere Oberstufe im Schuljahr 2026\/2027 k\u00f6nnen in dem Zeitraum der ersten Bewerbungsphase vom 06.02.-13.03.2026 \u00fcber schulbewerbung.de vorgenommen werden. Dazu benutzen Sie bitte den Startcode, den Sie von der abgebenden Schule erhalten haben.&nbsp; F\u00fcr Bewerberinnen und Bewerber, die nicht von unserer Schule kommen:&nbsp; Wenn Sie einen Schulplatz bei uns &hellip; <\/p>\n<p><a class=\"more-link btn\" href=\"https:\/\/igs-bonn.de\/wordpress\/?page_id=2605\">Weiterlesen<\/a><\/p>\n","protected":false},"author":1,"featured_media":0,"parent":2600,"menu_order":2,"comment_status":"closed","ping_status":"closed","template":"","meta":{"ngg_post_thumbnail":0,"footnotes":""},"class_list":["post-2605","page","type-page","status-publish","hentry","nodate","item-wrap"],"_links":{"self":[{"href":"https:\/\/igs-bonn.de\/wordpress\/index.php?rest_route=\/wp\/v2\/pages\/2605","targetHints":{"allow":["GET"]}}],"collection":[{"href":"https:\/\/igs-bonn.de\/wordpress\/index.php?rest_route=\/wp\/v2\/pages"}],"about":[{"href":"https:\/\/igs-bonn.de\/wordpress\/index.php?rest_route=\/wp\/v2\/types\/page"}],"author":[{"embeddable":true,"href":"https:\/\/igs-bonn.de\/wordpress\/index.php?rest_route=\/wp\/v2\/users\/1"}],"replies":[{"embeddable":true,"href":"https:\/\/igs-bonn.de\/wordpress\/index.php?rest_route=%2Fwp%2Fv2%2Fcomments&post=2605"}],"version-history":[{"count":54,"href":"https:\/\/igs-bonn.de\/wordpress\/index.php?rest_route=\/wp\/v2\/pages\/2605\/revisions"}],"predecessor-version":[{"id":15005,"href":"https:\/\/igs-bonn.de\/wordpress\/index.php?rest_route=\/wp\/v2\/pages\/2605\/revisions\/15005"}],"up":[{"embeddable":true,"href":"https:\/\/igs-bonn.de\/wordpress\/index.php?rest_route=\/wp\/v2\/pages\/2600"}],"wp:attachment":[{"href":"https:\/\/igs-bonn.de\/wordpress\/index.php?rest_route=%2Fwp%2Fv2%2Fmedia&parent=2605"}],"curies":[{"name":"wp","href":"https:\/\/api.w.org\/{rel}","templated":true}]}}