{"id":2583,"date":"2012-11-06T22:27:11","date_gmt":"2012-11-06T21:27:11","guid":{"rendered":"http:\/\/igs-bonn.de\/wordpress\/?page_id=2583"},"modified":"2025-10-07T10:42:21","modified_gmt":"2025-10-07T08:42:21","slug":"was-macht-eigentlich-eine-schulervertretung-sv","status":"publish","type":"page","link":"https:\/\/igs-bonn.de\/wordpress\/?page_id=2583","title":{"rendered":"Sch\u00fclervertretung (SV)"},"content":{"rendered":"\n<h3 class=\"wp-block-heading\"><strong>Die SV an der ESG:<\/strong><\/h3>\n\n\n\n<p><strong>Sch\u00fclersprecherin:<\/strong>\u00a0\u00a0\u00a0\u00a0\u00a0\u00a0\u00a0\u00a0\u00a0\u00a0\u00a0\u00a0\u00a0\u00a0\u00a0\u00a0\u00a0\u00a0\u00a0\u00a0\u00a0\u00a0\u00a0\u00a0\u00a0\u00a0\u00a0\u00a0<\/p>\n\n\n\n<p>Lisa (EF)<\/p>\n\n\n\n<p><strong>stellv. Sch\u00fclersprecherInnen:&nbsp;&nbsp;&nbsp;&nbsp;&nbsp;&nbsp;&nbsp;&nbsp;&nbsp;&nbsp;&nbsp;&nbsp;&nbsp;&nbsp;<\/strong><\/p>\n\n\n\n<p>Tom (9D)<\/p>\n\n\n\n<p>David (10F)<\/p>\n\n\n\n<p>Delyar (Q2)<\/p>\n\n\n\n<figure class=\"wp-block-image size-large\"><a href=\"http:\/\/igs-bonn.de\/wordpress\/wp-content\/uploads\/WhatsApp-Bild-2025-09-30-um-21.52.35_17dc977f.jpg\"><img loading=\"lazy\" decoding=\"async\" width=\"1024\" height=\"768\" src=\"http:\/\/igs-bonn.de\/wordpress\/wp-content\/uploads\/WhatsApp-Bild-2025-09-30-um-21.52.35_17dc977f-1024x768.jpg\" alt=\"\" class=\"wp-image-14704\" srcset=\"https:\/\/igs-bonn.de\/wordpress\/wp-content\/uploads\/WhatsApp-Bild-2025-09-30-um-21.52.35_17dc977f-1024x768.jpg 1024w, https:\/\/igs-bonn.de\/wordpress\/wp-content\/uploads\/WhatsApp-Bild-2025-09-30-um-21.52.35_17dc977f-300x225.jpg 300w, https:\/\/igs-bonn.de\/wordpress\/wp-content\/uploads\/WhatsApp-Bild-2025-09-30-um-21.52.35_17dc977f-768x576.jpg 768w, https:\/\/igs-bonn.de\/wordpress\/wp-content\/uploads\/WhatsApp-Bild-2025-09-30-um-21.52.35_17dc977f-1536x1152.jpg 1536w, https:\/\/igs-bonn.de\/wordpress\/wp-content\/uploads\/WhatsApp-Bild-2025-09-30-um-21.52.35_17dc977f-750x563.jpg 750w, https:\/\/igs-bonn.de\/wordpress\/wp-content\/uploads\/WhatsApp-Bild-2025-09-30-um-21.52.35_17dc977f.jpg 2048w\" sizes=\"auto, (max-width: 1024px) 100vw, 1024px\" \/><\/a><\/figure>\n\n\n\n<p><strong>Kontakt:<\/strong><\/p>\n\n\n\n<p>Allgemeine Anliegen k\u00f6nnen gerne per Mail an&nbsp;<a href=\"mailto:sv.esg@gmx.de\">sv.esg@gmx.de<\/a>&nbsp;gesendet werden.<\/p>\n\n\n\n<p>Au\u00dferdem finden sich Infos auch im Schaukasten (im Foyer neben den Bildern der LehrerInnen) und im SV-Raum (im Keller unter dem P18).&nbsp;<\/p>\n\n\n\n<p>Der SV-Raum ist in den Pausen f\u00fcr alle Sch\u00fclerinnen und Sch\u00fcler ge\u00f6ffnet.<\/p>\n\n\n\n<h4 class=\"wp-block-heading\">Das SV-Team<\/h4>\n\n\n\n<p>Das SV-Team besteht aus gew\u00e4hlten und freiwillig engagierten Sch\u00fclerinnen und Sch\u00fclern. Die Mitglieder des SV-Teams sind in fast allen Gremien der Schule vertreten. In ihren Treffen tauschen sie sich aus und beraten \u00fcber die aktuellen Themen. Neben dieser Arbeit plant das SV-Team regelm\u00e4\u00dfig eigene Aktionen f\u00fcr die Sch\u00fclerschaft.<\/p>\n\n\n\n<p>Das SV-Team trifft sich\u00a0<strong>jeden Montag<\/strong>\u00a0<strong>in der Mittagspause im SV-Raum<\/strong>\u00a0und freut sich immer auf neue Freiwillige, die mithelfen wollen!<\/p>\n\n\n\n<figure class=\"wp-block-image size-large\"><a href=\"http:\/\/igs-bonn.de\/wordpress\/wp-content\/uploads\/WhatsApp-Bild-2025-09-30-um-21.53.09_faf83822.jpg\"><img loading=\"lazy\" decoding=\"async\" width=\"1024\" height=\"768\" src=\"http:\/\/igs-bonn.de\/wordpress\/wp-content\/uploads\/WhatsApp-Bild-2025-09-30-um-21.53.09_faf83822-1024x768.jpg\" alt=\"\" class=\"wp-image-14706\" srcset=\"https:\/\/igs-bonn.de\/wordpress\/wp-content\/uploads\/WhatsApp-Bild-2025-09-30-um-21.53.09_faf83822-1024x768.jpg 1024w, https:\/\/igs-bonn.de\/wordpress\/wp-content\/uploads\/WhatsApp-Bild-2025-09-30-um-21.53.09_faf83822-300x225.jpg 300w, https:\/\/igs-bonn.de\/wordpress\/wp-content\/uploads\/WhatsApp-Bild-2025-09-30-um-21.53.09_faf83822-768x576.jpg 768w, https:\/\/igs-bonn.de\/wordpress\/wp-content\/uploads\/WhatsApp-Bild-2025-09-30-um-21.53.09_faf83822-1536x1152.jpg 1536w, https:\/\/igs-bonn.de\/wordpress\/wp-content\/uploads\/WhatsApp-Bild-2025-09-30-um-21.53.09_faf83822-750x563.jpg 750w, https:\/\/igs-bonn.de\/wordpress\/wp-content\/uploads\/WhatsApp-Bild-2025-09-30-um-21.53.09_faf83822.jpg 1600w\" sizes=\"auto, (max-width: 1024px) 100vw, 1024px\" \/><\/a><\/figure>\n\n\n\n<h4 class=\"wp-block-heading\">Sch\u00fclerrat<\/h4>\n\n\n\n<p>Der Sch\u00fclerrat setzt sich aus allen gew\u00e4hlten Klassensprecherinnen und Klassensprechern sowie Stufensprecherinnen und Stufensprechern zusammen. Der Sch\u00fclerrat trifft sich zweimal im Halbjahr.<\/p>\n\n\n\n<figure class=\"wp-block-image size-large\"><a href=\"http:\/\/igs-bonn.de\/wordpress\/wp-content\/uploads\/WhatsApp-Bild-2025-09-30-um-21.52.35_b1d19ace.jpg\"><img loading=\"lazy\" decoding=\"async\" width=\"1024\" height=\"576\" src=\"http:\/\/igs-bonn.de\/wordpress\/wp-content\/uploads\/WhatsApp-Bild-2025-09-30-um-21.52.35_b1d19ace-1024x576.jpg\" alt=\"\" class=\"wp-image-14705\" srcset=\"https:\/\/igs-bonn.de\/wordpress\/wp-content\/uploads\/WhatsApp-Bild-2025-09-30-um-21.52.35_b1d19ace-1024x576.jpg 1024w, https:\/\/igs-bonn.de\/wordpress\/wp-content\/uploads\/WhatsApp-Bild-2025-09-30-um-21.52.35_b1d19ace-300x169.jpg 300w, https:\/\/igs-bonn.de\/wordpress\/wp-content\/uploads\/WhatsApp-Bild-2025-09-30-um-21.52.35_b1d19ace-768x432.jpg 768w, https:\/\/igs-bonn.de\/wordpress\/wp-content\/uploads\/WhatsApp-Bild-2025-09-30-um-21.52.35_b1d19ace-1536x864.jpg 1536w, https:\/\/igs-bonn.de\/wordpress\/wp-content\/uploads\/WhatsApp-Bild-2025-09-30-um-21.52.35_b1d19ace-750x422.jpg 750w, https:\/\/igs-bonn.de\/wordpress\/wp-content\/uploads\/WhatsApp-Bild-2025-09-30-um-21.52.35_b1d19ace.jpg 1600w\" sizes=\"auto, (max-width: 1024px) 100vw, 1024px\" \/><\/a><\/figure>\n\n\n\n<h4 class=\"wp-block-heading\">Jahrgangssprecher<\/h4>\n\n\n\n<p>Jeder Jahrgang w\u00e4hlt aus seinen Klassensprecherinnen und Klassensprechern zwei Vertreter, die regelm\u00e4\u00dfig an den SV-Treffen am Montag teilnehmen. Diese Vertreter sind die Jahrgangssprecher.<\/p>\n\n\n\n<h4 class=\"wp-block-heading\">SV-Verbindungslehrer<\/h4>\n\n\n\n<p>Die SV-Verbindungslehrer sind Bea Waffenschmied, Christoph Schmidt und Sven Schog.<\/p>\n\n\n\n<figure class=\"wp-block-image size-large\"><a href=\"http:\/\/igs-bonn.de\/wordpress\/wp-content\/uploads\/Bild-Struktur-der-SV.jpg\"><img loading=\"lazy\" decoding=\"async\" width=\"1024\" height=\"701\" src=\"http:\/\/igs-bonn.de\/wordpress\/wp-content\/uploads\/Bild-Struktur-der-SV-1024x701.jpg\" alt=\"\" class=\"wp-image-13020\" srcset=\"https:\/\/igs-bonn.de\/wordpress\/wp-content\/uploads\/Bild-Struktur-der-SV-1024x701.jpg 1024w, https:\/\/igs-bonn.de\/wordpress\/wp-content\/uploads\/Bild-Struktur-der-SV-300x205.jpg 300w, https:\/\/igs-bonn.de\/wordpress\/wp-content\/uploads\/Bild-Struktur-der-SV-768x526.jpg 768w, https:\/\/igs-bonn.de\/wordpress\/wp-content\/uploads\/Bild-Struktur-der-SV-750x513.jpg 750w, https:\/\/igs-bonn.de\/wordpress\/wp-content\/uploads\/Bild-Struktur-der-SV.jpg 1150w\" sizes=\"auto, (max-width: 1024px) 100vw, 1024px\" \/><\/a><\/figure>\n\n\n<\/p>\n\n\n<p><\/p>\n","protected":false},"excerpt":{"rendered":"<p>Die SV an der ESG: Sch\u00fclersprecherin:\u00a0\u00a0\u00a0\u00a0\u00a0\u00a0\u00a0\u00a0\u00a0\u00a0\u00a0\u00a0\u00a0\u00a0\u00a0\u00a0\u00a0\u00a0\u00a0\u00a0\u00a0\u00a0\u00a0\u00a0\u00a0\u00a0\u00a0\u00a0 Lisa (EF) stellv. Sch\u00fclersprecherInnen:&nbsp;&nbsp;&nbsp;&nbsp;&nbsp;&nbsp;&nbsp;&nbsp;&nbsp;&nbsp;&nbsp;&nbsp;&nbsp;&nbsp; Tom (9D) David (10F) Delyar (Q2) Kontakt: Allgemeine Anliegen k\u00f6nnen gerne per Mail an&nbsp;sv.esg@gmx.de&nbsp;gesendet werden. Au\u00dferdem finden sich Infos auch im Schaukasten (im Foyer neben den Bildern der LehrerInnen) und im SV-Raum (im Keller unter dem P18).&nbsp; Der SV-Raum ist in den Pausen f\u00fcr alle &hellip; <\/p>\n<p><a class=\"more-link btn\" href=\"https:\/\/igs-bonn.de\/wordpress\/?page_id=2583\">Weiterlesen<\/a><\/p>\n","protected":false},"author":1,"featured_media":0,"parent":56,"menu_order":1,"comment_status":"closed","ping_status":"closed","template":"","meta":{"ngg_post_thumbnail":0,"footnotes":""},"class_list":["post-2583","page","type-page","status-publish","hentry","nodate","item-wrap"],"_links":{"self":[{"href":"https:\/\/igs-bonn.de\/wordpress\/index.php?rest_route=\/wp\/v2\/pages\/2583","targetHints":{"allow":["GET"]}}],"collection":[{"href":"https:\/\/igs-bonn.de\/wordpress\/index.php?rest_route=\/wp\/v2\/pages"}],"about":[{"href":"https:\/\/igs-bonn.de\/wordpress\/index.php?rest_route=\/wp\/v2\/types\/page"}],"author":[{"embeddable":true,"href":"https:\/\/igs-bonn.de\/wordpress\/index.php?rest_route=\/wp\/v2\/users\/1"}],"replies":[{"embeddable":true,"href":"https:\/\/igs-bonn.de\/wordpress\/index.php?rest_route=%2Fwp%2Fv2%2Fcomments&post=2583"}],"version-history":[{"count":35,"href":"https:\/\/igs-bonn.de\/wordpress\/index.php?rest_route=\/wp\/v2\/pages\/2583\/revisions"}],"predecessor-version":[{"id":14708,"href":"https:\/\/igs-bonn.de\/wordpress\/index.php?rest_route=\/wp\/v2\/pages\/2583\/revisions\/14708"}],"up":[{"embeddable":true,"href":"https:\/\/igs-bonn.de\/wordpress\/index.php?rest_route=\/wp\/v2\/pages\/56"}],"wp:attachment":[{"href":"https:\/\/igs-bonn.de\/wordpress\/index.php?rest_route=%2Fwp%2Fv2%2Fmedia&parent=2583"}],"curies":[{"name":"wp","href":"https:\/\/api.w.org\/{rel}","templated":true}]}}

Schülervertretung (SV)

<h3 class="wp-block-heading"><strong>Die SV an der ESG:</strong></h3>



<p><strong>Schülersprecherin:</strong>                            </p>



<p>Lisa (EF)</p>



<p><strong>stellv. SchülersprecherInnen:&nbsp;&nbsp;&nbsp;&nbsp;&nbsp;&nbsp;&nbsp;&nbsp;&nbsp;&nbsp;&nbsp;&nbsp;&nbsp;&nbsp;</strong></p>



<p>Tom (9D)</p>



<p>David (10F)</p>



<p>Delyar (Q2)</p>



<figure class="wp-block-image size-large"><a href="http://igs-bonn.de/wordpress/wp-content/uploads/WhatsApp-Bild-2025-09-30-um-21.52.35_17dc977f.jpg"><img loading="lazy" decoding="async" width="1024" height="768" src="http://igs-bonn.de/wordpress/wp-content/uploads/WhatsApp-Bild-2025-09-30-um-21.52.35_17dc977f-1024x768.jpg" alt="" class="wp-image-14704" srcset="https://igs-bonn.de/wordpress/wp-content/uploads/WhatsApp-Bild-2025-09-30-um-21.52.35_17dc977f-1024x768.jpg 1024w, https://igs-bonn.de/wordpress/wp-content/uploads/WhatsApp-Bild-2025-09-30-um-21.52.35_17dc977f-300x225.jpg 300w, https://igs-bonn.de/wordpress/wp-content/uploads/WhatsApp-Bild-2025-09-30-um-21.52.35_17dc977f-768x576.jpg 768w, https://igs-bonn.de/wordpress/wp-content/uploads/WhatsApp-Bild-2025-09-30-um-21.52.35_17dc977f-1536x1152.jpg 1536w, https://igs-bonn.de/wordpress/wp-content/uploads/WhatsApp-Bild-2025-09-30-um-21.52.35_17dc977f-750x563.jpg 750w, https://igs-bonn.de/wordpress/wp-content/uploads/WhatsApp-Bild-2025-09-30-um-21.52.35_17dc977f.jpg 2048w" sizes="auto, (max-width: 1024px) 100vw, 1024px" /></a></figure>



<p><strong>Kontakt:</strong></p>



<p>Allgemeine Anliegen können gerne per Mail an&nbsp;<a href="mailto:sv.esg@gmx.de">sv.esg@gmx.de</a>&nbsp;gesendet werden.</p>



<p>Außerdem finden sich Infos auch im Schaukasten (im Foyer neben den Bildern der LehrerInnen) und im SV-Raum (im Keller unter dem P18).&nbsp;</p>



<p>Der SV-Raum ist in den Pausen für alle Schülerinnen und Schüler geöffnet.</p>



<h4 class="wp-block-heading">Das SV-Team</h4>



<p>Das SV-Team besteht aus gewählten und freiwillig engagierten Schülerinnen und Schülern. Die Mitglieder des SV-Teams sind in fast allen Gremien der Schule vertreten. In ihren Treffen tauschen sie sich aus und beraten über die aktuellen Themen. Neben dieser Arbeit plant das SV-Team regelmäßig eigene Aktionen für die Schülerschaft.</p>



<p>Das SV-Team trifft sich <strong>jeden Montag</strong> <strong>in der Mittagspause im SV-Raum</strong> und freut sich immer auf neue Freiwillige, die mithelfen wollen!</p>



<figure class="wp-block-image size-large"><a href="http://igs-bonn.de/wordpress/wp-content/uploads/WhatsApp-Bild-2025-09-30-um-21.53.09_faf83822.jpg"><img loading="lazy" decoding="async" width="1024" height="768" src="http://igs-bonn.de/wordpress/wp-content/uploads/WhatsApp-Bild-2025-09-30-um-21.53.09_faf83822-1024x768.jpg" alt="" class="wp-image-14706" srcset="https://igs-bonn.de/wordpress/wp-content/uploads/WhatsApp-Bild-2025-09-30-um-21.53.09_faf83822-1024x768.jpg 1024w, https://igs-bonn.de/wordpress/wp-content/uploads/WhatsApp-Bild-2025-09-30-um-21.53.09_faf83822-300x225.jpg 300w, https://igs-bonn.de/wordpress/wp-content/uploads/WhatsApp-Bild-2025-09-30-um-21.53.09_faf83822-768x576.jpg 768w, https://igs-bonn.de/wordpress/wp-content/uploads/WhatsApp-Bild-2025-09-30-um-21.53.09_faf83822-1536x1152.jpg 1536w, https://igs-bonn.de/wordpress/wp-content/uploads/WhatsApp-Bild-2025-09-30-um-21.53.09_faf83822-750x563.jpg 750w, https://igs-bonn.de/wordpress/wp-content/uploads/WhatsApp-Bild-2025-09-30-um-21.53.09_faf83822.jpg 1600w" sizes="auto, (max-width: 1024px) 100vw, 1024px" /></a></figure>



<h4 class="wp-block-heading">Schülerrat</h4>



<p>Der Schülerrat setzt sich aus allen gewählten Klassensprecherinnen und Klassensprechern sowie Stufensprecherinnen und Stufensprechern zusammen. Der Schülerrat trifft sich zweimal im Halbjahr.</p>



<figure class="wp-block-image size-large"><a href="http://igs-bonn.de/wordpress/wp-content/uploads/WhatsApp-Bild-2025-09-30-um-21.52.35_b1d19ace.jpg"><img loading="lazy" decoding="async" width="1024" height="576" src="http://igs-bonn.de/wordpress/wp-content/uploads/WhatsApp-Bild-2025-09-30-um-21.52.35_b1d19ace-1024x576.jpg" alt="" class="wp-image-14705" srcset="https://igs-bonn.de/wordpress/wp-content/uploads/WhatsApp-Bild-2025-09-30-um-21.52.35_b1d19ace-1024x576.jpg 1024w, https://igs-bonn.de/wordpress/wp-content/uploads/WhatsApp-Bild-2025-09-30-um-21.52.35_b1d19ace-300x169.jpg 300w, https://igs-bonn.de/wordpress/wp-content/uploads/WhatsApp-Bild-2025-09-30-um-21.52.35_b1d19ace-768x432.jpg 768w, https://igs-bonn.de/wordpress/wp-content/uploads/WhatsApp-Bild-2025-09-30-um-21.52.35_b1d19ace-1536x864.jpg 1536w, https://igs-bonn.de/wordpress/wp-content/uploads/WhatsApp-Bild-2025-09-30-um-21.52.35_b1d19ace-750x422.jpg 750w, https://igs-bonn.de/wordpress/wp-content/uploads/WhatsApp-Bild-2025-09-30-um-21.52.35_b1d19ace.jpg 1600w" sizes="auto, (max-width: 1024px) 100vw, 1024px" /></a></figure>



<h4 class="wp-block-heading">Jahrgangssprecher</h4>



<p>Jeder Jahrgang wählt aus seinen Klassensprecherinnen und Klassensprechern zwei Vertreter, die regelmäßig an den SV-Treffen am Montag teilnehmen. Diese Vertreter sind die Jahrgangssprecher.</p>



<h4 class="wp-block-heading">SV-Verbindungslehrer</h4>



<p>Die SV-Verbindungslehrer sind Bea Waffenschmied, Christoph Schmidt und Sven Schog.</p>



<figure class="wp-block-image size-large"><a href="http://igs-bonn.de/wordpress/wp-content/uploads/Bild-Struktur-der-SV.jpg"><img loading="lazy" decoding="async" width="1024" height="701" src="http://igs-bonn.de/wordpress/wp-content/uploads/Bild-Struktur-der-SV-1024x701.jpg" alt="" class="wp-image-13020" srcset="https://igs-bonn.de/wordpress/wp-content/uploads/Bild-Struktur-der-SV-1024x701.jpg 1024w, https://igs-bonn.de/wordpress/wp-content/uploads/Bild-Struktur-der-SV-300x205.jpg 300w, https://igs-bonn.de/wordpress/wp-content/uploads/Bild-Struktur-der-SV-768x526.jpg 768w, https://igs-bonn.de/wordpress/wp-content/uploads/Bild-Struktur-der-SV-750x513.jpg 750w, https://igs-bonn.de/wordpress/wp-content/uploads/Bild-Struktur-der-SV.jpg 1150w" sizes="auto, (max-width: 1024px) 100vw, 1024px" /></a></figure>


</p>


<p></p>

<p>Die SV an der ESG: Schülersprecherin:                             Lisa (EF) stellv. SchülersprecherInnen:&nbsp;&nbsp;&nbsp;&nbsp;&nbsp;&nbsp;&nbsp;&nbsp;&nbsp;&nbsp;&nbsp;&nbsp;&nbsp;&nbsp; Tom (9D) David (10F) Delyar (Q2) Kontakt: Allgemeine Anliegen können gerne per Mail an&nbsp;sv.esg@gmx.de&nbsp;gesendet werden. Außerdem finden sich Infos auch im Schaukasten (im Foyer neben den Bildern der LehrerInnen) und im SV-Raum (im Keller unter dem P18).&nbsp; Der SV-Raum ist in den Pausen für alle &hellip; </p>
<p><a class="more-link btn" href="https://igs-bonn.de/wordpress/?page_id=2583">Weiterlesen</a></p>
