{"id":178,"date":"2011-04-29T22:27:38","date_gmt":"2011-04-29T20:27:38","guid":{"rendered":"http:\/\/igs-bonn.de\/wordpress\/?page_id=178"},"modified":"2023-09-23T08:16:28","modified_gmt":"2023-09-23T06:16:28","slug":"lehrerrat","status":"publish","type":"page","link":"https:\/\/igs-bonn.de\/wordpress\/?page_id=178","title":{"rendered":"Der Lehrer*innenrat"},"content":{"rendered":"<div style=\"text-align: justify;\">Der <strong>Lehrer*innenrat&nbsp; <\/strong>(LR)&nbsp; besteht gem\u00e4\u00df \u00a7 69 Schulgesetz NRW aus f\u00fcnf von der Lehrerkonferenz f\u00fcr 4 Jahre gew\u00e4hlten Mitgliedern. An unserer Schule sind das seit Beginn des Schuljahres 2023\/2024: Nils Dahmen, Julian Hinn, Marius Hoffmann, Lina Lau und Elisabeth Legutke.<\/div>\n<div style=\"text-align: justify;\">Der LR tagt regelm\u00e4\u00dfig w\u00f6chentlich (im Moment montags) und zus\u00e4tzlich nach Bedarf. Einmal im Monat findet die LR-Sitzung mit dem Schulleiter statt. Das Kollegium wird \u00fcber die T\u00e4tigkeit des LRes durch das \u201eInfo intern\u201c und den T\u00e4tigkeitsbericht in der LK am Ende des Schuljahres informiert.<\/div>\n<div style=\"text-align: justify;\">Erreichbar ist der LR per E-Mail oder telefonisch. F\u00fcr Mitglieder des Kollegiums sind selbstverst\u00e4ndlich alle Mitglieder des Lehrerrates m\u00f6gliche Ansprechpartner\/-innen.<\/div>\n","protected":false},"excerpt":{"rendered":"<p>Der Lehrer*innenrat&nbsp; (LR)&nbsp; besteht gem\u00e4\u00df \u00a7 69 Schulgesetz NRW aus f\u00fcnf von der Lehrerkonferenz f\u00fcr 4 Jahre gew\u00e4hlten Mitgliedern. An unserer Schule sind das seit Beginn des Schuljahres 2023\/2024: Nils Dahmen, Julian Hinn, Marius Hoffmann, Lina Lau und Elisabeth Legutke. Der LR tagt regelm\u00e4\u00dfig w\u00f6chentlich (im Moment montags) und zus\u00e4tzlich nach Bedarf. Einmal im Monat &hellip; <\/p>\n<p><a class=\"more-link btn\" href=\"https:\/\/igs-bonn.de\/wordpress\/?page_id=178\">Weiterlesen<\/a><\/p>\n","protected":false},"author":1,"featured_media":0,"parent":31,"menu_order":3,"comment_status":"closed","ping_status":"closed","template":"","meta":{"ngg_post_thumbnail":0,"footnotes":""},"class_list":["post-178","page","type-page","status-publish","hentry","nodate","item-wrap"],"_links":{"self":[{"href":"https:\/\/igs-bonn.de\/wordpress\/index.php?rest_route=\/wp\/v2\/pages\/178","targetHints":{"allow":["GET"]}}],"collection":[{"href":"https:\/\/igs-bonn.de\/wordpress\/index.php?rest_route=\/wp\/v2\/pages"}],"about":[{"href":"https:\/\/igs-bonn.de\/wordpress\/index.php?rest_route=\/wp\/v2\/types\/page"}],"author":[{"embeddable":true,"href":"https:\/\/igs-bonn.de\/wordpress\/index.php?rest_route=\/wp\/v2\/users\/1"}],"replies":[{"embeddable":true,"href":"https:\/\/igs-bonn.de\/wordpress\/index.php?rest_route=%2Fwp%2Fv2%2Fcomments&post=178"}],"version-history":[{"count":14,"href":"https:\/\/igs-bonn.de\/wordpress\/index.php?rest_route=\/wp\/v2\/pages\/178\/revisions"}],"predecessor-version":[{"id":13435,"href":"https:\/\/igs-bonn.de\/wordpress\/index.php?rest_route=\/wp\/v2\/pages\/178\/revisions\/13435"}],"up":[{"embeddable":true,"href":"https:\/\/igs-bonn.de\/wordpress\/index.php?rest_route=\/wp\/v2\/pages\/31"}],"wp:attachment":[{"href":"https:\/\/igs-bonn.de\/wordpress\/index.php?rest_route=%2Fwp%2Fv2%2Fmedia&parent=178"}],"curies":[{"name":"wp","href":"https:\/\/api.w.org\/{rel}","templated":true}]}}

<div style="text-align: justify;">Der <strong>Lehrer*innenrat&nbsp; </strong>(LR)&nbsp; besteht gemäß § 69 Schulgesetz NRW aus fünf von der Lehrerkonferenz für 4 Jahre gewählten Mitgliedern. An unserer Schule sind das seit Beginn des Schuljahres 2023/2024: Nils Dahmen, Julian Hinn, Marius Hoffmann, Lina Lau und Elisabeth Legutke.</div>
<div style="text-align: justify;">Der LR tagt regelmäßig wöchentlich (im Moment montags) und zusätzlich nach Bedarf. Einmal im Monat findet die LR-Sitzung mit dem Schulleiter statt. Das Kollegium wird über die Tätigkeit des LRes durch das „Info intern“ und den Tätigkeitsbericht in der LK am Ende des Schuljahres informiert.</div>
<div style="text-align: justify;">Erreichbar ist der LR per E-Mail oder telefonisch. Für Mitglieder des Kollegiums sind selbstverständlich alle Mitglieder des Lehrerrates mögliche Ansprechpartner/-innen.</div>

<p>Der Lehrer*innenrat&nbsp; (LR)&nbsp; besteht gemäß § 69 Schulgesetz NRW aus fünf von der Lehrerkonferenz für 4 Jahre gewählten Mitgliedern. An unserer Schule sind das seit Beginn des Schuljahres 2023/2024: Nils Dahmen, Julian Hinn, Marius Hoffmann, Lina Lau und Elisabeth Legutke. Der LR tagt regelmäßig wöchentlich (im Moment montags) und zusätzlich nach Bedarf. Einmal im Monat &hellip; </p>
<p><a class="more-link btn" href="https://igs-bonn.de/wordpress/?page_id=178">Weiterlesen</a></p>
